{"id":257,"date":"2015-06-06T23:15:54","date_gmt":"2015-06-06T22:15:54","guid":{"rendered":"http:\/\/efgarquitectura.es\/wppam\/?page_id=257"},"modified":"2016-01-02T02:59:47","modified_gmt":"2016-01-02T01:59:47","slug":"difusion","status":"publish","type":"page","link":"http:\/\/efgarquitectura.es\/wppam\/?page_id=257","title":{"rendered":"Difusi\u00f3n"},"content":{"rendered":"<div id=\"pl-257\"  class=\"panel-layout\" ><div id=\"pg-257-0\"  class=\"panel-grid panel-no-style\" ><div id=\"pgc-257-0-0\"  class=\"panel-grid-cell\" ><div id=\"panel-257-0-0-0\" class=\"so-panel widget widget_headline-widget panel-first-child panel-last-child\" data-index=\"0\" >\t\t<h1><\/h1>\n\t\t<div class=\"decoration\"><div class=\"decoration-inside\"><\/div><\/div>\n\t\t<h3>BLOGS + PLATAFORMAS + REVISTA ESPECIALIZADA<\/h3>\n\t\t<\/div><\/div><\/div><div id=\"pg-257-1\"  class=\"panel-grid panel-no-style\" ><div id=\"pgc-257-1-0\"  class=\"panel-grid-cell\" ><div id=\"panel-257-1-0-0\" class=\"so-panel widget widget_sow-features panel-first-child panel-last-child\" data-index=\"1\" ><div class=\"so-widget-sow-features so-widget-sow-features-default-1012f22cfa85\">\n<div class=\"sow-features-list sow-features-responsive\">\n\n\t\t\t\n\t\t\t<div class=\"sow-features-feature sow-icon-container-position-top \" style=\"width: 33.333%\">\n\n\t\t\t\t<a href=\"http:\/\/elblogdefarina.blogspot.com.es\/2015\/03\/calles-y-vecinos.html\" target=\"_blank\" rel=\"noopener noreferrer\">\t\t\t\t<div\n\t\t\t\t\tclass=\"sow-icon-container sow-container-explode\"\n                    style=\"color: #404040; \"\n\t\t\t\t\t>\n\t\t\t\t\t<div class=\"sow-icon-image\" style=\"background-image: url(https:\/\/i0.wp.com\/efgarquitectura.es\/wppam\/wp-content\/uploads\/2015\/06\/BlogdeFari\u00f1a.jpg?fit=150%2C150); font-size: 200px\"><\/div>\t\t\t\t<\/div>\n\t\t\t\t<\/a>\n\t\t\t\t<div class=\"textwidget\">\n\t\t\t\t\t\t\t\t\t\t\t<h5>\n\t\t\t\t\t\t\t\t\t\t\t\t\t\tEl Blog de Jos\u00e9 Fari\u00f1a \/ 2015.03.01 \t\t\t\t\t\t\t\t\t\t\t\t\t<\/h5>\n\t\t\t\t\t\n\t\t\t\t\t\t\t\t\t\t\t\"Calles y Vecinos\"  Entrada de Jos\u00e9 Fari\u00f1a\t\t\t\t\t\n\t\t\t\t\t\t\t\t\t\t\t<p class=\"sow-more-text\">\n\t\t\t\t\t\t\t<a href=\"http:\/\/elblogdefarina.blogspot.com.es\/2015\/03\/calles-y-vecinos.html\" target=\"_blank\" rel=\"noopener noreferrer\">\t\t\t\t\t\t\tLEER\t\t\t\t\t\t\t<\/a>\t\t\t\t\t\t<\/p>\n\t\t\t\t\t\t\t\t\t<\/div>\n\t\t\t<\/div>\n\n\t\t\n\t\t\t<div class=\"sow-features-feature sow-icon-container-position-top \" style=\"width: 33.333%\">\n\n\t\t\t\t<a href=\"http:\/\/www.plataformaarquitectura.cl\/cl\/763056\/una-oportunidad-para-recuperar-el-espacio-peatonal-contrapropuesta-para-renovacion-del-centro-de-valencia\" target=\"_blank\" rel=\"noopener noreferrer\">\t\t\t\t<div\n\t\t\t\t\tclass=\"sow-icon-container sow-container-explode\"\n                    style=\"color: #404040; \"\n\t\t\t\t\t>\n\t\t\t\t\t<div class=\"sow-icon-image\" style=\"background-image: url(https:\/\/i2.wp.com\/efgarquitectura.es\/wppam\/wp-content\/uploads\/2015\/06\/Blog-Plataforma_Arquitectura.png?fit=150%2C150); font-size: 200px\"><\/div>\t\t\t\t<\/div>\n\t\t\t\t<\/a>\n\t\t\t\t<div class=\"textwidget\">\n\t\t\t\t\t\t\t\t\t\t\t<h5>\n\t\t\t\t\t\t\t\t\t\t\t\t\t\tPlataforma Arquitectura \/ 2015.03.10 \t\t\t\t\t\t\t\t\t\t\t\t\t<\/h5>\n\t\t\t\t\t\n\t\t\t\t\t\t\t\t\t\t\t\"Una oportunidad para recuperar el espacio peatonal: contrapropuesta para renovaci\u00f3n del centro de Valencia. EFGarquitectura\" Ed. Jos\u00e9 Tom\u00e1s Franco\t\t\t\t\t\n\t\t\t\t\t\t\t\t\t\t\t<p class=\"sow-more-text\">\n\t\t\t\t\t\t\t<a href=\"http:\/\/www.plataformaarquitectura.cl\/cl\/763056\/una-oportunidad-para-recuperar-el-espacio-peatonal-contrapropuesta-para-renovacion-del-centro-de-valencia\" target=\"_blank\" rel=\"noopener noreferrer\">\t\t\t\t\t\t\tLEER\t\t\t\t\t\t\t<\/a>\t\t\t\t\t\t<\/p>\n\t\t\t\t\t\t\t\t\t<\/div>\n\t\t\t<\/div>\n\n\t\t\n\t\t\t<div class=\"sow-features-feature sow-icon-container-position-top \" style=\"width: 33.333%\">\n\n\t\t\t\t<a href=\"http:\/\/www.arquitecturayempresa.es\/noticia\/pam-o-propuesta-alternativa-de-mejora-en-el-barrio-del-pla-del-remei-valencia\" target=\"_blank\" rel=\"noopener noreferrer\">\t\t\t\t<div\n\t\t\t\t\tclass=\"sow-icon-container sow-container-explode\"\n                    style=\"color: #404040; \"\n\t\t\t\t\t>\n\t\t\t\t\t<div class=\"sow-icon-image\" style=\"background-image: url(https:\/\/i1.wp.com\/efgarquitectura.es\/wppam\/wp-content\/uploads\/2015\/06\/ArquitecturayEmpresa-PAM-Ana-Escoms.png?fit=150%2C150); font-size: 200px\"><\/div>\t\t\t\t<\/div>\n\t\t\t\t<\/a>\n\t\t\t\t<div class=\"textwidget\">\n\t\t\t\t\t\t\t\t\t\t\t<h5>\n\t\t\t\t\t\t\t\t\t\t\t\t\t\tArquitectura y Empresa \/ 2015.03.15\t\t\t\t\t\t\t\t\t\t\t\t\t<\/h5>\n\t\t\t\t\t\n\t\t\t\t\t\t\t\t\t\t\t\"PAM o Propuesta Alternativa de Mejora en el Barrio del Pla del Remei. Valencia\" Entrada de Ana Isabel Escoms\t\t\t\t\t\n\t\t\t\t\t\t\t\t\t\t\t<p class=\"sow-more-text\">\n\t\t\t\t\t\t\t<a href=\"http:\/\/www.arquitecturayempresa.es\/noticia\/pam-o-propuesta-alternativa-de-mejora-en-el-barrio-del-pla-del-remei-valencia\" target=\"_blank\" rel=\"noopener noreferrer\">\t\t\t\t\t\t\tLEER\t\t\t\t\t\t\t<\/a>\t\t\t\t\t\t<\/p>\n\t\t\t\t\t\t\t\t\t<\/div>\n\t\t\t<\/div>\n\n\t\t\n\t\t\t<div class=\"sow-features-feature sow-icon-container-position-top \" style=\"width: 33.333%\">\n\n\t\t\t\t<a href=\"http:\/\/www.morethangreen.es\/cruce-o-plaza-proyecto-pam-contrapropuesta-para-la-renovacion-del-centro-de-valencia\/\" target=\"_blank\" rel=\"noopener noreferrer\">\t\t\t\t<div\n\t\t\t\t\tclass=\"sow-icon-container sow-container-explode\"\n                    style=\"color: #404040; \"\n\t\t\t\t\t>\n\t\t\t\t\t<div class=\"sow-icon-image\" style=\"background-image: url(https:\/\/i2.wp.com\/efgarquitectura.es\/wppam\/wp-content\/uploads\/2015\/06\/Blog_MoreThanGreen.jpeg?fit=150%2C150); font-size: 200px\"><\/div>\t\t\t\t<\/div>\n\t\t\t\t<\/a>\n\t\t\t\t<div class=\"textwidget\">\n\t\t\t\t\t\t\t\t\t\t\t<h5>\n\t\t\t\t\t\t\t\t\t\t\t\t\t\tMTG More Than Green  \/ 2015.04.21\t\t\t\t\t\t\t\t\t\t\t\t\t<\/h5>\n\t\t\t\t\t\n\t\t\t\t\t\t\t\t\t\t\t\"\u00bfCruce o plaza? Proyecto PAM, contrapropuesta para la renovaci\u00f3n del centro de Valencia. ARQUITECTURA, espacio de convivencia y habitabilidad, SOSTENIBILIDAD SOCIAL.\" Ed. Jos\u00e9 Antonio Gras \t\t\t\t\t\n\t\t\t\t\t\t\t\t\t\t\t<p class=\"sow-more-text\">\n\t\t\t\t\t\t\t<a href=\"http:\/\/www.morethangreen.es\/cruce-o-plaza-proyecto-pam-contrapropuesta-para-la-renovacion-del-centro-de-valencia\/\" target=\"_blank\" rel=\"noopener noreferrer\">\t\t\t\t\t\t\tLEER \/ READ\t\t\t\t\t\t\t<\/a>\t\t\t\t\t\t<\/p>\n\t\t\t\t\t\t\t\t\t<\/div>\n\t\t\t<\/div>\n\n\t\t\n\t\t\t<div class=\"sow-features-feature sow-icon-container-position-top \" style=\"width: 33.333%\">\n\n\t\t\t\t<a href=\"http:\/\/www.arquitecturayempresa.es\/noticia\/la-pam-una-propuesta-alternativa-de-mejora-que-reclama-calles-flexibles-activas-y-espacio\" target=\"_blank\" rel=\"noopener noreferrer\">\t\t\t\t<div\n\t\t\t\t\tclass=\"sow-icon-container sow-container-explode\"\n                    style=\"color: #404040; \"\n\t\t\t\t\t>\n\t\t\t\t\t<div class=\"sow-icon-image\" style=\"background-image: url(https:\/\/i2.wp.com\/efgarquitectura.es\/wppam\/wp-content\/uploads\/2015\/06\/ArquiecturayEmpresa-LaPAM.png?fit=150%2C150); font-size: 200px\"><\/div>\t\t\t\t<\/div>\n\t\t\t\t<\/a>\n\t\t\t\t<div class=\"textwidget\">\n\t\t\t\t\t\t\t\t\t\t\t<h5>\n\t\t\t\t\t\t\t\t\t\t\t\t\t\tArquitectura y Empresa \/ 2015.03.26\t\t\t\t\t\t\t\t\t\t\t\t\t<\/h5>\n\t\t\t\t\t\n\t\t\t\t\t\t\t\t\t\t\t\"La PAM. Una Propuesta Alternativa de Mejora que reclama calles flexibles, activas y espacio p\u00fablico para las personas. Valencia.\" Ed. Marco Busca\t\t\t\t\t\n\t\t\t\t\t\t\t\t\t\t\t<p class=\"sow-more-text\">\n\t\t\t\t\t\t\t<a href=\"http:\/\/www.arquitecturayempresa.es\/noticia\/la-pam-una-propuesta-alternativa-de-mejora-que-reclama-calles-flexibles-activas-y-espacio\" target=\"_blank\" rel=\"noopener noreferrer\">\t\t\t\t\t\t\tLEER\t\t\t\t\t\t\t<\/a>\t\t\t\t\t\t<\/p>\n\t\t\t\t\t\t\t\t\t<\/div>\n\t\t\t<\/div>\n\n\t\t\n\t\t\t<div class=\"sow-features-feature sow-icon-container-position-top \" style=\"width: 33.333%\">\n\n\t\t\t\t<a href=\"http:\/\/www.laciudadviva.org\/blogs\/?p=29470\" target=\"_blank\" rel=\"noopener noreferrer\">\t\t\t\t<div\n\t\t\t\t\tclass=\"sow-icon-container sow-container-explode\"\n                    style=\"color: #404040; \"\n\t\t\t\t\t>\n\t\t\t\t\t<div class=\"sow-icon-image\" style=\"background-image: url(https:\/\/i2.wp.com\/efgarquitectura.es\/wppam\/wp-content\/uploads\/2016\/01\/lacivdadvivaGaudino.jpg?fit=150%2C125); font-size: 200px\"><\/div>\t\t\t\t<\/div>\n\t\t\t\t<\/a>\n\t\t\t\t<div class=\"textwidget\">\n\t\t\t\t\t\t\t\t\t\t\t<h5>\n\t\t\t\t\t\t\t\t\t\t\t\t\t\tLa civdad viva \/ 2015.09.07\t\t\t\t\t\t\t\t\t\t\t\t\t<\/h5>\n\t\t\t\t\t\n\t\t\t\t\t\t\t\t\t\t\tUrbanismo participativo: el protagonismo de los ni\u00f1os en la ciudad \/ Sabrina Gaudino. Tambi\u00e9n en: https:\/\/3rapersona.wordpress.com\/\t\t\t\t\t\n\t\t\t\t\t\t\t\t\t\t\t<p class=\"sow-more-text\">\n\t\t\t\t\t\t\t<a href=\"http:\/\/www.laciudadviva.org\/blogs\/?p=29470\" target=\"_blank\" rel=\"noopener noreferrer\">\t\t\t\t\t\t\tLEER\t\t\t\t\t\t\t<\/a>\t\t\t\t\t\t<\/p>\n\t\t\t\t\t\t\t\t\t<\/div>\n\t\t\t<\/div>\n\n\t\t\n\t\t\t<div class=\"sow-features-feature sow-icon-container-position-top sow-features-feature-last-row\" style=\"width: 33.333%\">\n\n\t\t\t\t<a href=\"http:\/\/www.sustainablecitiescollective.com\/walk21-vienna\/1107916\/each-street-redevelopment-chance-city\" target=\"_blank\" rel=\"noopener noreferrer\">\t\t\t\t<div\n\t\t\t\t\tclass=\"sow-icon-container sow-container-explode\"\n                    style=\"color: #404040; \"\n\t\t\t\t\t>\n\t\t\t\t\t<div class=\"sow-icon-image\" style=\"background-image: url(https:\/\/i2.wp.com\/efgarquitectura.es\/wppam\/wp-content\/uploads\/2016\/01\/SustainableCitiesCollective.jpg?fit=101%2C150); font-size: 200px\"><\/div>\t\t\t\t<\/div>\n\t\t\t\t<\/a>\n\t\t\t\t<div class=\"textwidget\">\n\t\t\t\t\t\t\t\t\t\t\t<h5>\n\t\t\t\t\t\t\t\t\t\t\t\t\t\thttp:\/\/www.sustainablecitiescollective.com\/ 2015.09.30\t\t\t\t\t\t\t\t\t\t\t\t\t<\/h5>\n\t\t\t\t\t\n\t\t\t\t\t\t\t\t\t\t\tEach Street Redevelopment Is a Chance for the City \/ Pilar Ferreres &amp; Jos\u00e9 Luis Gisbert\t\t\t\t\t\n\t\t\t\t\t\t\t\t\t\t\t<p class=\"sow-more-text\">\n\t\t\t\t\t\t\t<a href=\"http:\/\/www.sustainablecitiescollective.com\/walk21-vienna\/1107916\/each-street-redevelopment-chance-city\" target=\"_blank\" rel=\"noopener noreferrer\">\t\t\t\t\t\t\tREAD\t\t\t\t\t\t\t<\/a>\t\t\t\t\t\t<\/p>\n\t\t\t\t\t\t\t\t\t<\/div>\n\t\t\t<\/div>\n\n\t\t\t\n<\/div>\n<\/div><\/div><\/div><\/div><div id=\"pg-257-2\"  class=\"panel-grid panel-no-style\" ><div id=\"pgc-257-2-0\"  class=\"panel-grid-cell\" ><div id=\"panel-257-2-0-0\" class=\"so-panel widget widget_headline-widget panel-first-child panel-last-child\" data-index=\"2\" >\t\t<h1><\/h1>\n\t\t<div class=\"decoration\"><div class=\"decoration-inside\"><\/div><\/div>\n\t\t<h3>PRENSA<\/h3>\n\t\t<\/div><\/div><\/div><div id=\"pg-257-3\"  class=\"panel-grid panel-no-style\" ><div id=\"pgc-257-3-0\"  class=\"panel-grid-cell\" ><div id=\"panel-257-3-0-0\" class=\"so-panel widget widget_text panel-first-child panel-last-child\" data-index=\"3\" >\t\t\t<div class=\"textwidget\"><div class=\"afp-clear\"><\/div>\r\n\t\t<div id=\"afp-container\"><ul id=\"afp-filter\">\r\n        <li class=\"afp-active-cat\"><a href=\"#\" class=\"All\" data-value=\"All\">All<\/a><\/li><\/ul><ul class=\"afp-items\"><li class=\"afp-single-item\" data-id=\"id-1\" data-type=\"\">\r\n                <a class=\"colorbox\" title=\"\" href=\"https:\/\/i2.wp.com\/efgarquitectura.es\/wppam\/wp-content\/uploads\/2015\/06\/150613-LV-La-PlazaPizarro-es-posible.jpg\"><img alt=\"\" class=\"img-link-initial\" src=\"https:\/\/i0.wp.com\/efgarquitectura.es\/wppam\/wp-content\/uploads\/2015\/06\/150613-LV-La-PlazaPizarro-es-posible_tb.jpg?w=720\" data-recalc-dims=\"1\"><\/a><br \/>\r\n                <ul class=\"afp-item-details\"><li><strong>La plaza Pizarro es posible<\/strong><\/li><li>LEVANTE EL MERCANTIL VALENCIANO (Edici\u00f3n Impresa y Digital)<\/li><li>06\/13\/2015<\/li><li><a target=\"_blank\" href=\"http:\/\/www.levante-emv.com\/valencia\/2015\/06\/13\/plaza-pizarro-posible\/1277733.html\" rel=\"noopener noreferrer\">Project Link<\/a><\/li><\/ul>\r\n            <\/li><li class=\"afp-single-item\" data-id=\"id-2\" data-type=\"\">\r\n                <a class=\"colorbox\" title=\"\" href=\"https:\/\/i2.wp.com\/efgarquitectura.es\/wppam\/wp-content\/uploads\/2015\/06\/150522-LP-Video-PlazaPizarro.jpg\"><img alt=\"\" class=\"img-link-initial\" src=\"https:\/\/i1.wp.com\/efgarquitectura.es\/wppam\/wp-content\/uploads\/2015\/06\/150522-LP-Video-PlazaPizarro-tmb.jpg?w=720\" data-recalc-dims=\"1\"><\/a><br \/>\r\n                <ul class=\"afp-item-details\"><li><strong>Bienvenidos a Plaza Pizarro<\/strong><\/li><li>LAS PROVINCIAS (Edici\u00f3n Digital)<\/li><li>05\/22\/2015<\/li><li><a target=\"_blank\" href=\"http:\/\/www.lasprovincias.es\/valencia-ciudad\/201505\/22\/bienvenidos-plaza-pizarro-20150522175102.html\" rel=\"noopener noreferrer\">Project Link<\/a><\/li><\/ul>\r\n            <\/li><li class=\"afp-single-item\" data-id=\"id-3\" data-type=\"\">\r\n                <a class=\"colorbox\" title=\"\" href=\"https:\/\/i1.wp.com\/efgarquitectura.es\/wppam\/wp-content\/uploads\/2015\/06\/150307-LV-vecinos-proponen.jpg\"><img alt=\"\" class=\"img-link-initial\" src=\"https:\/\/i2.wp.com\/efgarquitectura.es\/wppam\/wp-content\/uploads\/2015\/06\/150307-LV-vecinos-proponen-tmb.jpg?w=720\" data-recalc-dims=\"1\"><\/a><br \/>\r\n                <ul class=\"afp-item-details\"><li><strong>Los vecinos proponen cambios en la reurbanizaci\u00f3n de Pla del Remei<\/strong><\/li><li>LEVANTE EL MERCANTIL VALENCIANO (Edici\u00f3n Digital)<\/li><li>03\/07\/2015<\/li><li><a target=\"_blank\" href=\"http:\/\/www.levante-emv.com\/valencia\/2015\/03\/07\/vecinos-proponen-cambios-reurbanizacion-pla\/1235374.html\" rel=\"noopener noreferrer\">Project Link<\/a><\/li><\/ul>\r\n            <\/li><li class=\"afp-single-item\" data-id=\"id-4\" data-type=\"\">\r\n                <a class=\"colorbox\" title=\"\" href=\"https:\/\/i0.wp.com\/efgarquitectura.es\/wppam\/wp-content\/uploads\/2015\/06\/150223-ARTICULO-PM-LAS-PROVINCIAS.jpg\"><img alt=\"\" class=\"img-link-initial\" src=\"https:\/\/i2.wp.com\/efgarquitectura.es\/wppam\/wp-content\/uploads\/2015\/06\/150223-ARTICULO-PM-LAS-PROVINCIAS-tmb.jpg?w=720\" data-recalc-dims=\"1\"><\/a><br \/>\r\n                <ul class=\"afp-item-details\"><li><strong>La Ciudad Pensada <\/strong><\/li><li>Opini\u00f3n \/ Las Provincias<\/li><li>02\/23\/2015<\/li><\/ul>\r\n            <\/li><li class=\"afp-single-item\" data-id=\"id-5\" data-type=\"\">\r\n                <a class=\"colorbox\" title=\"\" href=\"https:\/\/i2.wp.com\/efgarquitectura.es\/wppam\/wp-content\/uploads\/2015\/06\/20150220-OPINI\u00d3N-LP.jpg\"><img alt=\"\" class=\"img-link-initial\" src=\"https:\/\/i1.wp.com\/efgarquitectura.es\/wppam\/wp-content\/uploads\/2015\/06\/20150220-OPINI\u00d3N-LP-tmb.jpg?w=720\" data-recalc-dims=\"1\"><\/a><br \/>\r\n                <ul class=\"afp-item-details\"><li><strong>La Ciudad Posible <\/strong><\/li><li>Opini\u00f3n \/ Las Provincias Edici\u00f3n Impresa<\/li><li>02\/20\/2015<\/li><\/ul>\r\n            <\/li><li class=\"afp-single-item\" data-id=\"id-6\" data-type=\"\">\r\n                <a class=\"colorbox\" title=\"\" href=\"https:\/\/i1.wp.com\/efgarquitectura.es\/wppam\/wp-content\/uploads\/2015\/06\/150217-LP-Fotogaler\u00eda-ensanche16.jpg\"><img alt=\"\" class=\"img-link-initial\" src=\"https:\/\/i0.wp.com\/efgarquitectura.es\/wppam\/wp-content\/uploads\/2015\/06\/150217-LP-Fotogaler\u00eda-ensanche16-tmb.jpg?w=720\" data-recalc-dims=\"1\"><\/a><br \/>\r\n                <ul class=\"afp-item-details\"><li><strong>Vecinos y arquitectos plantean m\u00e1s arbolado y zonas peatonales en las obras del centro de Valencia. <\/strong><\/li><li>LAS PROVINCIAS (Edici\u00f3n Impresa y digital)<\/li><li>02\/17\/2015<\/li><li><a target=\"_blank\" href=\"http:\/\/www.lasprovincias.es\/valencia-ciudad\/201502\/17\/vecinos-arquitectos-plantean-arbolado-20150217000453-v.html\" rel=\"noopener noreferrer\">Project Link<\/a><\/li><\/ul>\r\n            <\/li><\/ul>\r\n\r\n    <\/div>\r\n\r\n    <div class=\"afp-clear\"><\/div><\/div>\n\t\t<\/div><\/div><\/div><\/div>","protected":false},"excerpt":{"rendered":"<p>BLOGS + PLATAFORMAS + REVISTA ESPECIALIZADA El Blog de Jos\u00e9 Fari\u00f1a \/ 2015.03.01 &#8220;Calles y Vecinos&#8221; Entrada de Jos\u00e9 Fari\u00f1a LEER Plataforma Arquitectura \/ 2015.03.10 &#8220;Una oportunidad para recuperar el espacio peatonal: contrapropuesta para renovaci\u00f3n del centro de Valencia. EFGarquitectura&#8221; Ed. Jos\u00e9 Tom\u00e1s Franco LEER Arquitectura y Empresa \/ 2015.03.15 &#8220;PAM o Propuesta Alternativa de [&hellip;]<\/p>\n","protected":false},"author":1,"featured_media":0,"parent":0,"menu_order":0,"comment_status":"closed","ping_status":"closed","template":"templates\/template-full.php","meta":{"spay_email":""},"jetpack_sharing_enabled":true,"jetpack_shortlink":"https:\/\/wp.me\/P5P7xf-49","_links":{"self":[{"href":"http:\/\/efgarquitectura.es\/wppam\/index.php?rest_route=\/wp\/v2\/pages\/257"}],"collection":[{"href":"http:\/\/efgarquitectura.es\/wppam\/index.php?rest_route=\/wp\/v2\/pages"}],"about":[{"href":"http:\/\/efgarquitectura.es\/wppam\/index.php?rest_route=\/wp\/v2\/types\/page"}],"author":[{"embeddable":true,"href":"http:\/\/efgarquitectura.es\/wppam\/index.php?rest_route=\/wp\/v2\/users\/1"}],"replies":[{"embeddable":true,"href":"http:\/\/efgarquitectura.es\/wppam\/index.php?rest_route=%2Fwp%2Fv2%2Fcomments&post=257"}],"version-history":[{"count":37,"href":"http:\/\/efgarquitectura.es\/wppam\/index.php?rest_route=\/wp\/v2\/pages\/257\/revisions"}],"predecessor-version":[{"id":396,"href":"http:\/\/efgarquitectura.es\/wppam\/index.php?rest_route=\/wp\/v2\/pages\/257\/revisions\/396"}],"wp:attachment":[{"href":"http:\/\/efgarquitectura.es\/wppam\/index.php?rest_route=%2Fwp%2Fv2%2Fmedia&parent=257"}],"curies":[{"name":"wp","href":"https:\/\/api.w.org\/{rel}","templated":true}]}}